{"id":5698,"date":"2025-05-30T09:14:34","date_gmt":"2025-05-30T09:14:34","guid":{"rendered":"http:\/\/localhost\/beyaz_kugu_1\/?page_id=5698"},"modified":"2025-07-14T07:33:27","modified_gmt":"2025-07-14T07:33:27","slug":"aktivitelerimiz","status":"publish","type":"page","link":"https:\/\/beyazkuguanaokulu.k12.tr\/index.php\/aktivitelerimiz\/","title":{"rendered":"Aktivitelerimiz"},"content":{"rendered":"\t\t<div data-elementor-type=\"wp-page\" data-elementor-id=\"5698\" class=\"elementor elementor-5698\">\n\t\t\t\t<div class=\"elementor-element elementor-element-cb4afe8 e-flex e-con-boxed e-con e-parent\" data-id=\"cb4afe8\" data-element_type=\"container\">\n\t\t\t\t\t<div class=\"e-con-inner\">\n\t\t\t\t<div class=\"elementor-element elementor-element-21d71b7 elementor-widget elementor-widget-kiddinoimagebox\" data-id=\"21d71b7\" data-element_type=\"widget\" data-widget_type=\"kiddinoimagebox.default\">\n\t\t\t\t<div class=\"elementor-widget-container\">\n\t\t\t\t\t\t\t<div class=\"img-box4 imagebox-wraper \">\r\n\t\t\t    <div class=\"img-1 mega-hover\">\n        <img decoding=\"async\" src=\"https:\/\/beyazkuguanaokulu.k12.tr\/wp-content\/uploads\/2025\/06\/WhatsApp-Image-2025-06-20-at-12.03.55-1.jpeg-adli-dosyanin-kopyasi.jpg\" alt=\"about\"  \/>            <\/div>\n\t\t<\/div>\r\n\t\t\t\t\t<\/div>\n\t\t\t\t<\/div>\n\t\t\t\t<div class=\"elementor-element elementor-element-6e08189 elementor-widget elementor-widget-text-editor\" data-id=\"6e08189\" data-element_type=\"widget\" data-widget_type=\"text-editor.default\">\n\t\t\t\t<div class=\"elementor-widget-container\">\n\t\t\t\t\t\t\t\t\t<h2>Veli Seminerleri ve At\u00f6lyeler<\/h2><p>D\u00fczenli olarak ger\u00e7ekle\u015ftirilen veli seminerleri ve at\u00f6lyeleri, ailelerin \u00e7ocuk geli\u015fimi konusunda bilin\u00e7lenmesine destek olmakta ve e\u011fitimin evde de devam etmesini sa\u011flamaktad\u0131r. Uzman konu\u015fmac\u0131lar e\u015fli\u011finde ger\u00e7ekle\u015ftirilen bu etkinliklerde ebeveynler, \u00e7ocuk geli\u015fimi, e\u011fitim yakla\u015f\u0131mlar\u0131 ve n\u00f6robilim temelli \u00f6\u011frenme konular\u0131nda bilgilendirilmektedir.<\/p>\t\t\t\t\t\t\t\t<\/div>\n\t\t\t\t<\/div>\n\t\t\t\t\t<\/div>\n\t\t\t\t<\/div>\n\t\t<div class=\"elementor-element elementor-element-98ec2d1 e-flex e-con-boxed e-con e-parent\" data-id=\"98ec2d1\" data-element_type=\"container\">\n\t\t\t\t\t<div class=\"e-con-inner\">\n\t\t\t\t<div class=\"elementor-element elementor-element-76f8653 elementor-widget elementor-widget-text-editor\" data-id=\"76f8653\" data-element_type=\"widget\" data-widget_type=\"text-editor.default\">\n\t\t\t\t<div class=\"elementor-widget-container\">\n\t\t\t\t\t\t\t\t\t<h2>Tematik Okul Gezileri<\/h2><p>\u00d6\u011frencilerimizin \u00f6\u011frenme deneyimlerini s\u0131n\u0131f ortam\u0131n\u0131n \u00f6tesine ta\u015f\u0131yarak g\u00f6zlem ve ke\u015fif yapmalar\u0131n\u0131 sa\u011flamak amac\u0131yla m\u00fcze, sanat galerileri, bilim merkezleri, do\u011fal ya\u015fam parklar\u0131 ve tarihi mek\u00e2nlara y\u00f6nelik tematik geziler d\u00fczenlenmektedir. Bu geziler, \u00f6\u011frencilerimizin merak duygusunu art\u0131r\u0131rken, \u00f6\u011frendiklerini ger\u00e7ek hayatla ili\u015fkilendirmelerine olanak tan\u0131maktad\u0131r.<\/p>\t\t\t\t\t\t\t\t<\/div>\n\t\t\t\t<\/div>\n\t\t\t\t<div class=\"elementor-element elementor-element-711cecb elementor-widget__width-initial elementor-widget-mobile__width-initial elementor-widget elementor-widget-kiddinoimagebox\" data-id=\"711cecb\" data-element_type=\"widget\" data-widget_type=\"kiddinoimagebox.default\">\n\t\t\t\t<div class=\"elementor-widget-container\">\n\t\t\t\t\t\t\t<div class=\"img-box4 imagebox-wraper \">\r\n\t\t\t    <div class=\"img-1 mega-hover\">\n        <img decoding=\"async\" src=\"https:\/\/beyazkuguanaokulu.k12.tr\/wp-content\/uploads\/2025\/06\/image00078.jpg\" alt=\"about\"  \/>            <\/div>\n\t\t<\/div>\r\n\t\t\t\t\t<\/div>\n\t\t\t\t<\/div>\n\t\t\t\t\t<\/div>\n\t\t\t\t<\/div>\n\t\t<div class=\"elementor-element elementor-element-8535e83 e-flex e-con-boxed e-con e-parent\" data-id=\"8535e83\" data-element_type=\"container\">\n\t\t\t\t\t<div class=\"e-con-inner\">\n\t\t\t\t<div class=\"elementor-element elementor-element-660e9c7 elementor-widget__width-initial elementor-widget-mobile__width-initial elementor-widget elementor-widget-kiddinoimagebox\" data-id=\"660e9c7\" data-element_type=\"widget\" data-widget_type=\"kiddinoimagebox.default\">\n\t\t\t\t<div class=\"elementor-widget-container\">\n\t\t\t\t\t\t\t<div class=\"img-box4 imagebox-wraper \">\r\n\t\t\t    <div class=\"img-1 mega-hover\">\n        <img decoding=\"async\" src=\"https:\/\/beyazkuguanaokulu.k12.tr\/wp-content\/uploads\/2025\/06\/dcfc9c54-d83f-4797-96a1-607a197a36c1.jpg\" alt=\"about\"  \/>            <\/div>\n\t\t<\/div>\r\n\t\t\t\t\t<\/div>\n\t\t\t\t<\/div>\n\t\t\t\t<div class=\"elementor-element elementor-element-4baf3cf elementor-widget elementor-widget-text-editor\" data-id=\"4baf3cf\" data-element_type=\"widget\" data-widget_type=\"text-editor.default\">\n\t\t\t\t<div class=\"elementor-widget-container\">\n\t\t\t\t\t\t\t\t\t<h2>Do\u011fa Etkinlikleri<\/h2><p>\u00d6\u011frencilerimizin do\u011fayla i\u00e7 i\u00e7e vakit ge\u00e7irmelerini te\u015fvik etmekteyiz. A\u00e7\u0131k hava etkinlikleri kapsam\u0131nda kamp g\u00fcnleri, bah\u00e7ecilik \u00e7al\u0131\u015fmalar\u0131 ve do\u011fa y\u00fcr\u00fcy\u00fc\u015fleri d\u00fczenleyerek, \u00f6\u011frencilerimizin sorumluluk duygusu geli\u015ftirmelerine, ekip \u00e7al\u0131\u015fmas\u0131 yapmalar\u0131na ve \u00e7evre bilinci kazanmalar\u0131na destek olmaktay\u0131z.<\/p>\t\t\t\t\t\t\t\t<\/div>\n\t\t\t\t<\/div>\n\t\t\t\t\t<\/div>\n\t\t\t\t<\/div>\n\t\t<div class=\"elementor-element elementor-element-1287e2f e-flex e-con-boxed e-con e-parent\" data-id=\"1287e2f\" data-element_type=\"container\">\n\t\t\t\t\t<div class=\"e-con-inner\">\n\t\t\t\t<div class=\"elementor-element elementor-element-a533787 elementor-widget elementor-widget-text-editor\" data-id=\"a533787\" data-element_type=\"widget\" data-widget_type=\"text-editor.default\">\n\t\t\t\t<div class=\"elementor-widget-container\">\n\t\t\t\t\t\t\t\t\t<h2>K\u00fclt\u00fcrel Ve Sanatasal Etkinlikler<\/h2><p>\u00d6\u011frencilerimizin do\u011fayla i\u00e7 i\u00e7e vakit ge\u00e7irmelerini te\u015fvik etmekteyiz. A\u00e7\u0131k hava etkinlikleri kapsam\u0131nda kamp g\u00fcnleri, bah\u00e7ecilik \u00e7al\u0131\u015fmalar\u0131 ve do\u011fa y\u00fcr\u00fcy\u00fc\u015fleri d\u00fczenleyerek, \u00f6\u011frencilerimizin sorumluluk duygusu geli\u015ftirmelerine, ekip \u00e7al\u0131\u015fmas\u0131 yapmalar\u0131na ve \u00e7evre bilinci kazanmalar\u0131na destek olmaktay\u0131z.<\/p>\t\t\t\t\t\t\t\t<\/div>\n\t\t\t\t<\/div>\n\t\t\t\t<div class=\"elementor-element elementor-element-2ee990f elementor-widget__width-initial elementor-widget-mobile__width-initial elementor-widget elementor-widget-kiddinoimagebox\" data-id=\"2ee990f\" data-element_type=\"widget\" data-widget_type=\"kiddinoimagebox.default\">\n\t\t\t\t<div class=\"elementor-widget-container\">\n\t\t\t\t\t\t\t<div class=\"img-box4 imagebox-wraper \">\r\n\t\t\t    <div class=\"img-1 mega-hover\">\n        <img decoding=\"async\" src=\"https:\/\/beyazkuguanaokulu.k12.tr\/wp-content\/uploads\/2025\/06\/WhatsApp-Image-2025-06-20-at-13.57.13-2.jpg\" alt=\"about\"  \/>            <\/div>\n\t\t<\/div>\r\n\t\t\t\t\t<\/div>\n\t\t\t\t<\/div>\n\t\t\t\t\t<\/div>\n\t\t\t\t<\/div>\n\t\t<div class=\"elementor-element elementor-element-435a231 e-flex e-con-boxed e-con e-parent\" data-id=\"435a231\" data-element_type=\"container\">\n\t\t\t\t\t<div class=\"e-con-inner\">\n\t\t\t\t<div class=\"elementor-element elementor-element-a5b47ad elementor-widget__width-initial elementor-widget-mobile__width-initial elementor-widget elementor-widget-kiddinoimagebox\" data-id=\"a5b47ad\" data-element_type=\"widget\" data-widget_type=\"kiddinoimagebox.default\">\n\t\t\t\t<div class=\"elementor-widget-container\">\n\t\t\t\t\t\t\t<div class=\"img-box4 imagebox-wraper \">\r\n\t\t\t    <div class=\"img-1 mega-hover\">\n        <img decoding=\"async\" src=\"https:\/\/beyazkuguanaokulu.k12.tr\/wp-content\/uploads\/2025\/06\/WhatsApp-Image-2025-06-20-at-13.46.37-4.jpg\" alt=\"about\"  \/>            <\/div>\n\t\t<\/div>\r\n\t\t\t\t\t<\/div>\n\t\t\t\t<\/div>\n\t\t\t\t<div class=\"elementor-element elementor-element-116f9fb elementor-widget elementor-widget-text-editor\" data-id=\"116f9fb\" data-element_type=\"widget\" data-widget_type=\"text-editor.default\">\n\t\t\t\t<div class=\"elementor-widget-container\">\n\t\t\t\t\t\t\t\t\t<h2>\u00d6zel G\u00fcn Ve Haftalar<\/h2><p>\u00d6\u011frencilerimizin do\u011fayla i\u00e7 i\u00e7e vakit ge\u00e7irmelerini te\u015fvik etmekteyiz. A\u00e7\u0131k hava etkinlikleri kapsam\u0131nda kamp g\u00fcnleri, bah\u00e7ecilik \u00e7al\u0131\u015fmalar\u0131 ve do\u011fa y\u00fcr\u00fcy\u00fc\u015fleri d\u00fczenleyerek, \u00f6\u011frencilerimizin sorumluluk duygusu geli\u015ftirmelerine, ekip \u00e7al\u0131\u015fmas\u0131 yapmalar\u0131na ve \u00e7evre bilinci kazanmalar\u0131na destek olmaktay\u0131z.<\/p>\t\t\t\t\t\t\t\t<\/div>\n\t\t\t\t<\/div>\n\t\t\t\t\t<\/div>\n\t\t\t\t<\/div>\n\t\t<div class=\"elementor-element elementor-element-5385884 e-flex e-con-boxed e-con e-parent\" data-id=\"5385884\" data-element_type=\"container\">\n\t\t\t\t\t<div class=\"e-con-inner\">\n\t\t\t\t<div class=\"elementor-element elementor-element-fffa11b elementor-widget elementor-widget-text-editor\" data-id=\"fffa11b\" data-element_type=\"widget\" data-widget_type=\"text-editor.default\">\n\t\t\t\t<div class=\"elementor-widget-container\">\n\t\t\t\t\t\t\t\t\t<h2>Toplumsal Sorumluluk Projeleri<\/h2><p>\u00d6\u011frencilerimize yard\u0131mla\u015fma, dayan\u0131\u015fma ve toplumsal sorumluluk bilinci kazand\u0131rmak amac\u0131yla sosyal sorumluluk projeleri y\u00fcr\u00fctmekteyiz. Bu kapsamda hayvan bar\u0131naklar\u0131na ziyaretler, fidan dikme etkinlikleri, geri d\u00f6n\u00fc\u015f\u00fcm projeleri ve yard\u0131m kampanyalar\u0131 d\u00fczenlenmektedir.<\/p>\t\t\t\t\t\t\t\t<\/div>\n\t\t\t\t<\/div>\n\t\t\t\t<div class=\"elementor-element elementor-element-54e9881 elementor-widget__width-initial elementor-widget-mobile__width-initial elementor-widget elementor-widget-kiddinoimagebox\" data-id=\"54e9881\" data-element_type=\"widget\" data-widget_type=\"kiddinoimagebox.default\">\n\t\t\t\t<div class=\"elementor-widget-container\">\n\t\t\t\t\t\t\t<div class=\"img-box4 imagebox-wraper \">\r\n\t\t\t    <div class=\"img-1 mega-hover\">\n        <img decoding=\"async\" src=\"https:\/\/beyazkuguanaokulu.k12.tr\/wp-content\/uploads\/2025\/06\/image00047.jpg\" alt=\"about\"  \/>            <\/div>\n\t\t<\/div>\r\n\t\t\t\t\t<\/div>\n\t\t\t\t<\/div>\n\t\t\t\t\t<\/div>\n\t\t\t\t<\/div>\n\t\t\t\t<\/div>\n\t\t","protected":false},"excerpt":{"rendered":"<p>Veli Seminerleri ve At\u00f6lyeler D\u00fczenli olarak ger\u00e7ekle\u015ftirilen veli seminerleri ve at\u00f6lyeleri, ailelerin \u00e7ocuk geli\u015fimi konusunda bilin\u00e7lenmesine destek olmakta ve e\u011fitimin evde de devam etmesini sa\u011flamaktad\u0131r. Uzman konu\u015fmac\u0131lar e\u015fli\u011finde ger\u00e7ekle\u015ftirilen bu etkinliklerde ebeveynler, \u00e7ocuk geli\u015fimi, e\u011fitim yakla\u015f\u0131mlar\u0131 ve n\u00f6robilim temelli \u00f6\u011frenme konular\u0131nda bilgilendirilmektedir. Tematik Okul Gezileri \u00d6\u011frencilerimizin \u00f6\u011frenme deneyimlerini s\u0131n\u0131f ortam\u0131n\u0131n \u00f6tesine ta\u015f\u0131yarak g\u00f6zlem ve ke\u015fif&#8230;<\/p>\n","protected":false},"author":1,"featured_media":0,"parent":0,"menu_order":0,"comment_status":"closed","ping_status":"closed","template":"","meta":{"footnotes":""},"class_list":["post-5698","page","type-page","status-publish","hentry"],"_links":{"self":[{"href":"https:\/\/beyazkuguanaokulu.k12.tr\/index.php\/wp-json\/wp\/v2\/pages\/5698","targetHints":{"allow":["GET"]}}],"collection":[{"href":"https:\/\/beyazkuguanaokulu.k12.tr\/index.php\/wp-json\/wp\/v2\/pages"}],"about":[{"href":"https:\/\/beyazkuguanaokulu.k12.tr\/index.php\/wp-json\/wp\/v2\/types\/page"}],"author":[{"embeddable":true,"href":"https:\/\/beyazkuguanaokulu.k12.tr\/index.php\/wp-json\/wp\/v2\/users\/1"}],"replies":[{"embeddable":true,"href":"https:\/\/beyazkuguanaokulu.k12.tr\/index.php\/wp-json\/wp\/v2\/comments?post=5698"}],"version-history":[{"count":22,"href":"https:\/\/beyazkuguanaokulu.k12.tr\/index.php\/wp-json\/wp\/v2\/pages\/5698\/revisions"}],"predecessor-version":[{"id":6153,"href":"https:\/\/beyazkuguanaokulu.k12.tr\/index.php\/wp-json\/wp\/v2\/pages\/5698\/revisions\/6153"}],"wp:attachment":[{"href":"https:\/\/beyazkuguanaokulu.k12.tr\/index.php\/wp-json\/wp\/v2\/media?parent=5698"}],"curies":[{"name":"wp","href":"https:\/\/api.w.org\/{rel}","templated":true}]}}