{"id":5667,"date":"2025-05-30T08:22:27","date_gmt":"2025-05-30T08:22:27","guid":{"rendered":"http:\/\/localhost\/beyaz_kugu_1\/?page_id=5667"},"modified":"2025-07-14T07:13:14","modified_gmt":"2025-07-14T07:13:14","slug":"egitim-yaklasimimiz","status":"publish","type":"page","link":"https:\/\/beyazkuguanaokulu.k12.tr\/index.php\/egitim-yaklasimimiz\/","title":{"rendered":"E\u011fitim Yakla\u015f\u0131m\u0131m\u0131z"},"content":{"rendered":"\t\t<div data-elementor-type=\"wp-page\" data-elementor-id=\"5667\" class=\"elementor elementor-5667\">\n\t\t\t\t<div class=\"elementor-element elementor-element-12e3375 e-flex e-con-boxed e-con e-parent\" data-id=\"12e3375\" data-element_type=\"container\">\n\t\t\t\t\t<div class=\"e-con-inner\">\n\t\t\t\t<div class=\"elementor-element elementor-element-8ed3270 elementor-widget__width-initial elementor-widget elementor-widget-kiddinomasonrygallery\" data-id=\"8ed3270\" data-element_type=\"widget\" data-settings=\"{&quot;per_line&quot;:&quot;3&quot;,&quot;per_line_tablet&quot;:&quot;6&quot;,&quot;per_line_mobile&quot;:&quot;12&quot;,&quot;gride_gap&quot;:&quot;gx-40&quot;}\" data-widget_type=\"kiddinomasonrygallery.default\">\n\t\t\t\t<div class=\"elementor-widget-container\">\n\t\t\t\t\t\t\t<div class=\"row gallery-carousel gx-40\" data-slide-to-show=\"6\" data-slider-speed=\"5000\" data-slick-autoplay=\"true\">\n\t\t\t\t\t\t\t<div  class=\"col-xl-3 col-md-6 col-sm-12 filter-item\">\n\t\t\t\t\t\t\t\t\t\t\t<div class=\"gallery-style1 \">\n            <div class=\"gallery-img\">\n            <img decoding=\"async\" src=\"https:\/\/beyazkuguanaokulu.k12.tr\/wp-content\/uploads\/2025\/05\/1.jpg\" alt=\"gallery\"  \/>            <a href=\"https:\/\/beyazkuguanaokulu.k12.tr\/wp-content\/uploads\/2025\/05\/1.jpg\" class=\"gallery-btn popup-image\">\n                <i class=\"far fa-plus\"><\/i>\n            <\/a>\n        <\/div>\n    <\/div>\t\t\t\t\t\t\t\t\t<\/div>\n\t\t\t\t\t\t\t<div  class=\"col-xl-3 col-md-6 col-sm-12 filter-item\">\n\t\t\t\t\t\t\t\t\t\t\t<div class=\"gallery-style1 \">\n            <div class=\"gallery-img\">\n            <img decoding=\"async\" src=\"https:\/\/beyazkuguanaokulu.k12.tr\/wp-content\/uploads\/2025\/05\/2.jpg\" alt=\"gallery\"  \/>            <a href=\"https:\/\/beyazkuguanaokulu.k12.tr\/wp-content\/uploads\/2025\/05\/2.jpg\" class=\"gallery-btn popup-image\">\n                <i class=\"far fa-plus\"><\/i>\n            <\/a>\n        <\/div>\n    <\/div>\t\t\t\t\t\t\t\t\t<\/div>\n\t\t\t\t\t\t\t<div  class=\"col-xl-3 col-md-6 col-sm-12 filter-item\">\n\t\t\t\t\t\t\t\t\t\t\t<div class=\"gallery-style1 \">\n            <div class=\"gallery-img\">\n            <img decoding=\"async\" src=\"https:\/\/beyazkuguanaokulu.k12.tr\/wp-content\/uploads\/2025\/05\/3.jpg\" alt=\"gallery\"  \/>            <a href=\"https:\/\/beyazkuguanaokulu.k12.tr\/wp-content\/uploads\/2025\/05\/3.jpg\" class=\"gallery-btn popup-image\">\n                <i class=\"far fa-plus\"><\/i>\n            <\/a>\n        <\/div>\n    <\/div>\t\t\t\t\t\t\t\t\t<\/div>\n\t\t\t\t\t\t\t<div  class=\"col-xl-3 col-md-6 col-sm-12 filter-item\">\n\t\t\t\t\t\t\t\t\t\t\t<div class=\"gallery-style1 \">\n            <div class=\"gallery-img\">\n            <img decoding=\"async\" src=\"https:\/\/beyazkuguanaokulu.k12.tr\/wp-content\/uploads\/2025\/05\/4.jpg\" alt=\"gallery\"  \/>            <a href=\"https:\/\/beyazkuguanaokulu.k12.tr\/wp-content\/uploads\/2025\/05\/4.jpg\" class=\"gallery-btn popup-image\">\n                <i class=\"far fa-plus\"><\/i>\n            <\/a>\n        <\/div>\n    <\/div>\t\t\t\t\t\t\t\t\t<\/div>\n\t\t\t\t\t\t\t<div  class=\"col-xl-3 col-md-6 col-sm-12 filter-item\">\n\t\t\t\t\t\t\t\t\t\t\t<div class=\"gallery-style1 \">\n            <div class=\"gallery-img\">\n            <img decoding=\"async\" src=\"https:\/\/beyazkuguanaokulu.k12.tr\/wp-content\/uploads\/2025\/05\/5.jpg\" alt=\"gallery\"  \/>            <a href=\"https:\/\/beyazkuguanaokulu.k12.tr\/wp-content\/uploads\/2025\/05\/5.jpg\" class=\"gallery-btn popup-image\">\n                <i class=\"far fa-plus\"><\/i>\n            <\/a>\n        <\/div>\n    <\/div>\t\t\t\t\t\t\t\t\t<\/div>\n\t\t\t\t\t\t\t<div  class=\"col-xl-3 col-md-6 col-sm-12 filter-item\">\n\t\t\t\t\t\t\t\t\t\t\t<div class=\"gallery-style1 \">\n            <div class=\"gallery-img\">\n            <img decoding=\"async\" src=\"https:\/\/beyazkuguanaokulu.k12.tr\/wp-content\/uploads\/2025\/05\/6-1.jpg\" alt=\"gallery\"  \/>            <a href=\"https:\/\/beyazkuguanaokulu.k12.tr\/wp-content\/uploads\/2025\/05\/6-1.jpg\" class=\"gallery-btn popup-image\">\n                <i class=\"far fa-plus\"><\/i>\n            <\/a>\n        <\/div>\n    <\/div>\t\t\t\t\t\t\t\t\t<\/div>\n\t\t\t\t\t\t\t<div  class=\"col-xl-3 col-md-6 col-sm-12 filter-item\">\n\t\t\t\t\t\t\t\t\t\t\t<div class=\"gallery-style1 \">\n            <div class=\"gallery-img\">\n            <img decoding=\"async\" src=\"https:\/\/beyazkuguanaokulu.k12.tr\/wp-content\/uploads\/2025\/05\/7-1.jpg\" alt=\"gallery\"  \/>            <a href=\"https:\/\/beyazkuguanaokulu.k12.tr\/wp-content\/uploads\/2025\/05\/7-1.jpg\" class=\"gallery-btn popup-image\">\n                <i class=\"far fa-plus\"><\/i>\n            <\/a>\n        <\/div>\n    <\/div>\t\t\t\t\t\t\t\t\t<\/div>\n\t\t\t\t\t<\/div>\n\t\t\t\t\t\t<\/div>\n\t\t\t\t<\/div>\n\t\t\t\t\t<\/div>\n\t\t\t\t<\/div>\n\t\t<div class=\"elementor-element elementor-element-ec82c42 e-flex e-con-boxed e-con e-parent\" data-id=\"ec82c42\" data-element_type=\"container\">\n\t\t\t\t\t<div class=\"e-con-inner\">\n\t\t<div class=\"elementor-element elementor-element-103bc7a e-con-full e-flex e-con e-child\" data-id=\"103bc7a\" data-element_type=\"container\">\n\t\t\t\t<div class=\"elementor-element elementor-element-9b5b27b elementor-widget__width-initial elementor-widget-mobile__width-initial elementor-widget elementor-widget-kiddinoimagebox\" data-id=\"9b5b27b\" data-element_type=\"widget\" data-widget_type=\"kiddinoimagebox.default\">\n\t\t\t\t<div class=\"elementor-widget-container\">\n\t\t\t\t\t\t\t<div class=\"img-box4 imagebox-wraper \">\r\n\t\t\t    <div class=\"img-1 mega-hover\">\n        <img decoding=\"async\" src=\"https:\/\/beyazkuguanaokulu.k12.tr\/wp-content\/uploads\/2025\/05\/image00080.jpg\" alt=\"about\"  \/>            <\/div>\n\t\t<\/div>\r\n\t\t\t\t\t<\/div>\n\t\t\t\t<\/div>\n\t\t\t\t<div class=\"elementor-element elementor-element-9e2e642 elementor-widget elementor-widget-kiddinosectiontitle\" data-id=\"9e2e642\" data-element_type=\"widget\" data-widget_type=\"kiddinosectiontitle.default\">\n\t\t\t\t<div class=\"elementor-widget-container\">\n\t\t\t\t\t<!-- Section Title --><div class=\"title-area\" ><h2 class=\"sec-title title-selector\">Beyin Dostu, Ekrans\u0131z E\u011fitim<\/h2><p class=\"sec-text\">S\u0131n\u0131flar\u0131m\u0131zda hi\u00e7bir dijital ekran bulunmamaktad\u0131r.\nAra\u015ft\u0131rmalar, erken ya\u015fta ekran maruziyetinin dikkat s\u00fcresini k\u0131saltt\u0131\u011f\u0131n\u0131, dil geli\u015fimini olumsuz etkileyebilece\u011fini ve yarat\u0131c\u0131l\u0131\u011f\u0131 s\u0131n\u0131rlayabilece\u011fini g\u00f6stermektedir.\n\nBeyin dostu bir okul olarak, \u00e7ocuklar\u0131m\u0131z\u0131n duyusal ve motor geli\u015fimini destekleyen, ke\u015ffetmeye dayal\u0131, somut materyallerle zenginle\u015ftirilmi\u015f bir e\u011fitim ortam\u0131 sunuyoruz.<\/p><\/div><!-- End Section Title -->\t\t\t\t<\/div>\n\t\t\t\t<\/div>\n\t\t\t\t<\/div>\n\t\t<div class=\"elementor-element elementor-element-f51ae61 e-con-full e-flex e-con e-child\" data-id=\"f51ae61\" data-element_type=\"container\">\n\t\t<div class=\"elementor-element elementor-element-038a53c e-con-full e-flex e-con e-child\" data-id=\"038a53c\" data-element_type=\"container\">\n\t\t\t\t<div class=\"elementor-element elementor-element-0125173 elementor-widget elementor-widget-kiddinosectiontitle\" data-id=\"0125173\" data-element_type=\"widget\" data-widget_type=\"kiddinosectiontitle.default\">\n\t\t\t\t<div class=\"elementor-widget-container\">\n\t\t\t\t\t<!-- Section Title --><div class=\"title-area\" ><h2 class=\"sec-title title-selector\">B\u00fct\u00fcnc\u00fcl, Do\u011fa Temelli ve Ekrans\u0131z Bir E\u011fitim Yakla\u015f\u0131m\u0131<\/h2><p class=\"sec-text\">Okulumuzda Reggio Emilia, Montessori, High Scope ve Waldorf yakla\u015f\u0131mlar\u0131n\u0131 b\u00fct\u00fcnc\u00fcl ve dengeli bir yap\u0131da harmanlayan eklektik bir e\u011fitim modeli uygulanmaktad\u0131r. \u015fekilde y\u00fcr\u00fct\u00fcyoruz. <\/p><\/div><!-- End Section Title -->\t\t\t\t<\/div>\n\t\t\t\t<\/div>\n\t\t\t\t<\/div>\n\t\t<div class=\"elementor-element elementor-element-d92afa5 e-con-full e-flex e-con e-child\" data-id=\"d92afa5\" data-element_type=\"container\">\n\t\t\t\t<div class=\"elementor-element elementor-element-3ca7959 elementor-widget elementor-widget-kiddinosectiontitle\" data-id=\"3ca7959\" data-element_type=\"widget\" data-widget_type=\"kiddinosectiontitle.default\">\n\t\t\t\t<div class=\"elementor-widget-container\">\n\t\t\t\t\t<!-- Section Title --><div class=\"title-area\" ><h2 class=\"sec-title title-selector\">Planl\u0131 E\u011fitim, G\u00fc\u00e7l\u00fc Geli\u015fim<\/h2><p class=\"sec-text\">\u00c7ocuklar\u0131m\u0131z\u0131n bili\u015fsel, duygusal, sosyal ve fiziksel geli\u015fimlerini desteklemek amac\u0131yla ya\u015f gruplar\u0131na \u00f6zel olarak haz\u0131rlanan haftal\u0131k ve g\u00fcnl\u00fck e\u011fitim ak\u0131\u015flar\u0131 ile \u00f6\u011frenme s\u00fcre\u00e7lerini planl\u0131 ve sistemli bir \u015fekilde y\u00fcr\u00fct\u00fcyoruz. <\/p><\/div><!-- End Section Title -->\t\t\t\t<\/div>\n\t\t\t\t<\/div>\n\t\t\t\t<div class=\"elementor-element elementor-element-b57ba3d elementor-widget__width-initial elementor-widget elementor-widget-kiddinoimagebox\" data-id=\"b57ba3d\" data-element_type=\"widget\" data-widget_type=\"kiddinoimagebox.default\">\n\t\t\t\t<div class=\"elementor-widget-container\">\n\t\t\t\t\t\t\t<div class=\"img-box7 imagebox-wraper \">\r\n\t\t\t    <div class=\"mega-hover\">\n        <img decoding=\"async\" src=\"https:\/\/beyazkuguanaokulu.k12.tr\/wp-content\/uploads\/2025\/05\/c7acabb5-1c92-4b8a-b5b3-d938cb1ac1bd.jpg\" alt=\"teacher\"  class=\"w-100\" \/>    <\/div>\n\t\t<\/div>\r\n\t\t\t\t\t<\/div>\n\t\t\t\t<\/div>\n\t\t\t\t<\/div>\n\t\t\t\t<\/div>\n\t\t\t\t\t<\/div>\n\t\t\t\t<\/div>\n\t\t<div class=\"elementor-element elementor-element-ebcc399 e-con-full e-flex e-con e-parent\" data-id=\"ebcc399\" data-element_type=\"container\">\n\t\t<div class=\"elementor-element elementor-element-72d0934 e-con-full e-flex e-con e-child\" data-id=\"72d0934\" data-element_type=\"container\">\n\t\t\t\t<div class=\"elementor-element elementor-element-ad005f1 elementor-widget elementor-widget-kiddinosectiontitle\" data-id=\"ad005f1\" data-element_type=\"widget\" data-widget_type=\"kiddinosectiontitle.default\">\n\t\t\t\t<div class=\"elementor-widget-container\">\n\t\t\t\t\t<!-- Section Title --><div class=\"title-area\" ><h2 class=\"sec-title title-selector\">Bah\u00e7emiz, Ke\u015ffin \u0130lk Dura\u011f\u0131<\/h2><p class=\"sec-text\">\u00c7ocuklar\u0131m\u0131z\u0131n do\u011fayla ba\u011f kurmalar\u0131n\u0131 ve \u00f6zg\u00fcrce ke\u015ffetmelerini sa\u011flamak i\u00e7in bah\u00e7emizi aktif bir \u00f6\u011frenme alan\u0131 olarak kullan\u0131yoruz.<\/p><\/div><!-- End Section Title -->\t\t\t\t<\/div>\n\t\t\t\t<\/div>\n\t\t\t\t<div class=\"elementor-element elementor-element-2aa2c0d elementor-widget elementor-widget-kiddinoimagebox\" data-id=\"2aa2c0d\" data-element_type=\"widget\" data-widget_type=\"kiddinoimagebox.default\">\n\t\t\t\t<div class=\"elementor-widget-container\">\n\t\t\t\t\t\t\t<div class=\"img-box4 imagebox-wraper \">\r\n\t\t\t    <div class=\"img-1 mega-hover\">\n        <img decoding=\"async\" src=\"https:\/\/beyazkuguanaokulu.k12.tr\/wp-content\/uploads\/2025\/05\/DGFJGHC.jpg\" alt=\"about\"  \/>            <\/div>\n\t\t<\/div>\r\n\t\t\t\t\t<\/div>\n\t\t\t\t<\/div>\n\t\t\t\t<\/div>\n\t\t<div class=\"elementor-element elementor-element-b99fa04 e-con-full e-flex e-con e-child\" data-id=\"b99fa04\" data-element_type=\"container\">\n\t\t\t\t<div class=\"elementor-element elementor-element-b182e79 elementor-widget elementor-widget-kiddinoimagebox\" data-id=\"b182e79\" data-element_type=\"widget\" data-widget_type=\"kiddinoimagebox.default\">\n\t\t\t\t<div class=\"elementor-widget-container\">\n\t\t\t\t\t\t\t<div class=\"img-box2 imagebox-wraper \">\r\n\t\t\t    <div class=\"transform-banner\">\n        <img decoding=\"async\" src=\"https:\/\/beyazkuguanaokulu.k12.tr\/wp-content\/uploads\/2025\/05\/2.jpg\" alt=\"about\"  \/>    <\/div>\n<div class=\"vs-circle jump\"><\/div>\t\t<\/div>\r\n\t\t\t\t\t<\/div>\n\t\t\t\t<\/div>\n\t\t\t\t<div class=\"elementor-element elementor-element-18b65f7 elementor-widget elementor-widget-kiddinosectiontitle\" data-id=\"18b65f7\" data-element_type=\"widget\" data-widget_type=\"kiddinosectiontitle.default\">\n\t\t\t\t<div class=\"elementor-widget-container\">\n\t\t\t\t\t<!-- Section Title --><div class=\"title-area\" ><h2 class=\"sec-title title-selector\">Minik Ellerle Kurulan Hayal D\u00fcnyas\u0131<\/h2><p class=\"sec-text\">Bah\u00e7emizde yer alan ah\u015fap \u00fc\u00e7gen ev, Reggio Emilia yakla\u015f\u0131m\u0131nda \"\u00e7ocuklar\u0131n kendi d\u00fcnyalar\u0131n\u0131 in\u015fa etme ve ba\u011f\u0131ms\u0131z ke\u015fif yapma\" fikrini destekleyen \u00f6nemli bir ara\u00e7t\u0131r. \u00c7ocuklar burada hayal g\u00fcc\u00fcn\u00fc kullanarak kendi oyunlar\u0131n\u0131 kurguluyor, i\u015f birli\u011fi i\u00e7inde oynayarak sosyal becerilerini geli\u015ftiriyorlar.<\/p><\/div><!-- End Section Title -->\t\t\t\t<\/div>\n\t\t\t\t<\/div>\n\t\t\t\t<\/div>\n\t\t<div class=\"elementor-element elementor-element-99f690a e-con-full e-flex e-con e-child\" data-id=\"99f690a\" data-element_type=\"container\">\n\t\t\t\t<div class=\"elementor-element elementor-element-cc53542 elementor-widget elementor-widget-kiddinosectiontitle\" data-id=\"cc53542\" data-element_type=\"widget\" data-widget_type=\"kiddinosectiontitle.default\">\n\t\t\t\t<div class=\"elementor-widget-container\">\n\t\t\t\t\t<!-- Section Title --><div class=\"title-area\" ><h2 class=\"sec-title title-selector\">Hayvan Sevgisiyle Geli\u015fen Kalpler<\/h2><p class=\"sec-text\">Bah\u00e7emizde tav\u015fanlar\u0131m\u0131z, kaplumba\u011falar\u0131m\u0131z ve s\u0131n\u0131flar\u0131m\u0131zda ku\u015flar\u0131m\u0131z bulunuyor; \u00e7ocuklar\u0131m\u0131z\u0131n sorumluluk bilinci kazanmalar\u0131na ve hayvan sevgisi geli\u015ftirmelerine destek oluyoruz.<\/p><\/div><!-- End Section Title -->\t\t\t\t<\/div>\n\t\t\t\t<\/div>\n\t\t\t\t<div class=\"elementor-element elementor-element-e334fb5 elementor-widget elementor-widget-kiddinoimagebox\" data-id=\"e334fb5\" data-element_type=\"widget\" data-widget_type=\"kiddinoimagebox.default\">\n\t\t\t\t<div class=\"elementor-widget-container\">\n\t\t\t\t\t\t\t<div class=\"img-box6 imagebox-wraper \">\r\n\t\t\t    <div class=\"img-1 mega-hover\">\n        <img decoding=\"async\" src=\"https:\/\/beyazkuguanaokulu.k12.tr\/wp-content\/uploads\/2025\/05\/7.jpg\" alt=\"image\"  \/>    <\/div>\n\n    <div class=\"img-2 mega-hover\">\n        <img decoding=\"async\" src=\"https:\/\/beyazkuguanaokulu.k12.tr\/wp-content\/uploads\/2025\/05\/6.jpg\" alt=\"image\"  \/>    <\/div>\n\t\t<\/div>\r\n\t\t\t\t\t<\/div>\n\t\t\t\t<\/div>\n\t\t\t\t<\/div>\n\t\t\t\t<\/div>\n\t\t<div class=\"elementor-element elementor-element-cb81375 e-flex e-con-boxed e-con e-parent\" data-id=\"cb81375\" data-element_type=\"container\">\n\t\t\t\t\t<div class=\"e-con-inner\">\n\t\t\t\t<div class=\"elementor-element elementor-element-4aa0cdf elementor-widget elementor-widget-text-editor\" data-id=\"4aa0cdf\" data-element_type=\"widget\" data-widget_type=\"text-editor.default\">\n\t\t\t\t<div class=\"elementor-widget-container\">\n\t\t\t\t\t\t\t\t\t<p data-start=\"73\" data-end=\"369\"><strong data-start=\"73\" data-end=\"135\">\u00c7ocuklar, do\u011fayla ve \u00e7evresiyle etkile\u015fim halinde \u00f6\u011frenir.<\/strong><br data-start=\"135\" data-end=\"138\" \/>Ara\u015ft\u0131rmalar, \u00e7ocuklar\u0131n duyusal ke\u015fifler yaparak ve \u00e7evresini deneyimleyerek \u00f6\u011frendi\u011fini g\u00f6stermektedir. Bu nedenle e\u011fitim ortam\u0131m\u0131z, aktif \u00f6\u011frenmeyi te\u015fvik eden materyaller ve ke\u015ffetmeye dayal\u0131 etkinliklerle zenginle\u015ftirilmi\u015ftir.<\/p><p data-start=\"371\" data-end=\"470\"><strong data-start=\"371\" data-end=\"453\">&#8220;\u00c7ocuk do\u011fan\u0131n bir par\u00e7as\u0131d\u0131r ve en iyi, do\u011fayla i\u00e7 i\u00e7e oldu\u011fu zaman \u00f6\u011frenir.&#8221;<\/strong><br data-start=\"453\" data-end=\"456\" \/><strong data-start=\"456\" data-end=\"470\">John Dewey<\/strong><\/p>\t\t\t\t\t\t\t\t<\/div>\n\t\t\t\t<\/div>\n\t\t\t\t\t<\/div>\n\t\t\t\t<\/div>\n\t\t\t\t<\/div>\n\t\t","protected":false},"excerpt":{"rendered":"<p>Beyin Dostu, Ekrans\u0131z E\u011fitim S\u0131n\u0131flar\u0131m\u0131zda hi\u00e7bir dijital ekran bulunmamaktad\u0131r. Ara\u015ft\u0131rmalar, erken ya\u015fta ekran maruziyetinin dikkat s\u00fcresini k\u0131saltt\u0131\u011f\u0131n\u0131, dil geli\u015fimini olumsuz etkileyebilece\u011fini ve yarat\u0131c\u0131l\u0131\u011f\u0131 s\u0131n\u0131rlayabilece\u011fini g\u00f6stermektedir. Beyin dostu bir okul olarak, \u00e7ocuklar\u0131m\u0131z\u0131n duyusal ve motor geli\u015fimini destekleyen, ke\u015ffetmeye dayal\u0131, somut materyallerle zenginle\u015ftirilmi\u015f bir e\u011fitim ortam\u0131 sunuyoruz. B\u00fct\u00fcnc\u00fcl, Do\u011fa Temelli ve Ekrans\u0131z Bir E\u011fitim Yakla\u015f\u0131m\u0131 Okulumuzda Reggio&#8230;<\/p>\n","protected":false},"author":1,"featured_media":0,"parent":0,"menu_order":0,"comment_status":"closed","ping_status":"closed","template":"","meta":{"footnotes":""},"class_list":["post-5667","page","type-page","status-publish","hentry"],"_links":{"self":[{"href":"https:\/\/beyazkuguanaokulu.k12.tr\/index.php\/wp-json\/wp\/v2\/pages\/5667","targetHints":{"allow":["GET"]}}],"collection":[{"href":"https:\/\/beyazkuguanaokulu.k12.tr\/index.php\/wp-json\/wp\/v2\/pages"}],"about":[{"href":"https:\/\/beyazkuguanaokulu.k12.tr\/index.php\/wp-json\/wp\/v2\/types\/page"}],"author":[{"embeddable":true,"href":"https:\/\/beyazkuguanaokulu.k12.tr\/index.php\/wp-json\/wp\/v2\/users\/1"}],"replies":[{"embeddable":true,"href":"https:\/\/beyazkuguanaokulu.k12.tr\/index.php\/wp-json\/wp\/v2\/comments?post=5667"}],"version-history":[{"count":19,"href":"https:\/\/beyazkuguanaokulu.k12.tr\/index.php\/wp-json\/wp\/v2\/pages\/5667\/revisions"}],"predecessor-version":[{"id":6136,"href":"https:\/\/beyazkuguanaokulu.k12.tr\/index.php\/wp-json\/wp\/v2\/pages\/5667\/revisions\/6136"}],"wp:attachment":[{"href":"https:\/\/beyazkuguanaokulu.k12.tr\/index.php\/wp-json\/wp\/v2\/media?parent=5667"}],"curies":[{"name":"wp","href":"https:\/\/api.w.org\/{rel}","templated":true}]}}